Announcements:
The rain gauge is not working and precipitation will be manually updated. Email Mr. Reynolds

NOAA-Style Climate Reports

Select a Year or Month report
2024: Jan Feb Mar Apr May Jun Jul Aug Sep Oct Nov Dec

Report for 2024 April

Daily noaa report



                            MONTHLY CLIMATOLOGICAL SUMMARY for APR. 2024

NAME:    CITY:  STATE: 
ELEV:  LAT:  LONG: 

                            TEMPERATURE ( °F), RAIN (in.), WIND SPEED (mph)

                                               HEAT     COOL           AVG
      MEAN                                     DEG      DEG            WIND                       DOM
DAY   TEMP    HIGH   TIME     LOW    TIME      DAYS     DAYS    RAIN   SPEED    HIGH    TIME      DIR
--------------------------------------------------------------------------------------------------------
01    40.9   045.3   17:10    36.4   04:29     24.1     00.0   00.00   06.1     17.3    15:53      NE
02    41.6   046.5   12:27    37.8   21:51     23.3     00.0   00.00   08.8     25.3    22:00      N 
03    42.5   050.9   16:24    37.3   07:02     22.4     00.0   00.00   15.0     42.5    10:42     NNW
04    42.8   053.5   18:13    33.9   06:29     22.1     00.0   00.00   08.5     24.1    15:24     NNW
05    46.3   059.4   17:06    32.7   04:14     18.6     00.0   00.00   03.0     14.9    14:17     ESE
06    48.3   058.3   15:45    38.2   06:12     16.6     00.0   00.00   11.0     34.5    13:16      E 
07    46.3   050.1   00:00    42.2   08:10     18.6     00.0   00.00   14.6     36.8    10:33     ENE
08    52.1   055.6   10:15    49.3   00:00     12.9     00.0   00.00   07.3     27.6    12:40     SSE
09    53.5   061.4   17:18    47.4   04:42     11.4     00.0   00.00   08.1     25.3    18:05      SW
10    57.4   070.6   16:15    48.2   06:58     07.6     00.0   00.00   05.2     28.8    17:13      SW
11    53.7   060.8   16:23    47.6   07:13     11.2     00.0   00.00   08.8     32.2    18:04      NW
12    52.2   061.7   17:10    44.6   07:03     12.8     00.0   00.00   09.5     33.4    15:52      NW
13    63.0   085.2   18:47    40.0   05:56     02.0     00.0   00.00   07.3     33.4    14:43     SSE
--------------------------------------------------------------------------------------------------------
49.3 (49.8)   85.2  day 13     32.7  day 05   203.6    000.0   00.00   08.7     42.6   day 03     N
Min <  86: 13
Max Rain: 0.00 ON 0-04-24
Days of Rain: 0 (> .008in) 0 (> .08in) 0 (> 0.8in)